t r(p) = 14616*p**2 + 1351*p + 2697. What is the thousands digit of r(-2)?
8
Let u = 2504 - -5585. What is the tens digit of u?
8
Suppose 0 = -2*u + 2*r, -3*u - r = 2*u - 12. Let l be u/(-2) + (-5 - -6). Suppose 6*q - 10 = q, -2*f + 5*q + 406 = l. What is the tens digit of f?
0
What is the thousands digit of (-62041)/(-2)*(-72)/(-63)?
5
Let v(o) be the first derivative of 24*o**3 - o**2 - 3*o - 7. Suppose 4*j + 2*n - n + 2 = 0, 3*j + 4*n = 5. What is the units digit of v(j)?
1
Suppose 2*d - 6*v + 66 = -2*v, -2*d - 4*v - 74 = 0. Let k be (d/4)/((-9)/360). Suppose 28*q - 33*q + k = 0. What is the units digit of q?
0
Suppose -4*x + 8*r + 140808 = 0, 56*r = 2*x + 58*r - 70398. What is the units digit of x?
0
Let v(u) = -3113*u + 3169. What is the ten thousands digit of v(-7)?
2
Let l = 3253 + 1593. What is the tens digit of l?
4
Let n(p) = -74*p**2 - 8*p + 17. Let s be n(3). Let f = s + 1201. What is the hundreds digit of f?
5
Let k be 173*((-11)/22 - (-6)/4). Suppose 7*m = 723 + k. What is the hundreds digit of m?
1
Suppose -7*s + 344 = s. Suppose -38*b = -s*b + 10. Suppose 15 - 1 = b*g. What is the units digit of g?
7
Suppose -5*n + 8*n - 4*i - 17 = 0, i - 15 = -2*n. Let o(l) = 34*l + 108. What is the units digit of o(n)?
6
Suppose -6*w + 10*w = 872. Suppose 192 = 5*c - w. What is the tens digit of c?
8
Let r = 122701 - 61521. What is the thousands digit of r?
1
Let m(n) = -24*n - 3. Let l be m(3). Let t(u) = 22*u + 323. Let k be t(-17). Let z = k - l. What is the tens digit of z?
2
Suppose 0 = 43*l - 5175 + 445. Suppose -4*j + 159 = 407. Let k = l - j. What is the tens digit of k?
7
Let g be (-45)/((-1)/1) - (3 - 1). Suppose -117 = -f - g. Suppose 0 = -6*i - f + 380. What is the units digit of i?
1
Suppose 0 = -4*p - 2*w + 24130, 92*p - 3*w = 91*p + 6022. What is the units digit of p?
1
Suppose -2364 + 8884 = p - 2*h, -5*h = -4*p + 26098. What is the hundreds digit of p?
5
Let n = 4975 + -582. What is the hundreds digit of n?
3
Suppose 0 = 4*s - 126660 + 12892. What is the units digit of s?
2
Let o be (20/(-7)*-1)/((-4)/(-14)). Let h = o + -10. What is the units digit of (-3 - h)/((-4)/((-200)/(-6)))?
5
Suppose 3*d - 6771 = 1059. Suppose -15*q + d = -9*q. What is the tens digit of q?
3
Let v = -296 + 303. Let p(o) = 18*o**2 + 45*o - 11. What is the tens digit of p(v)?
8
Let c be (58/(-10) + 36/45)*1. Let h be c*(5 + 3/15). What is the units digit of -3*(-32)/(-18)*(h + 2)?
8
What is the tens digit of ((-40260)/198)/((-2)/12)?
2
Suppose -n + 3489 = 5*y, 5*n + 4474 = 6*y + 21795. What is the hundreds digit of n?
4
Suppose 20*k + 15*k - 1222452 = 14*k. What is the tens digit of k?
1
Let q be -4*1 - 2*70/(-20). Suppose -4*a + 841 = q*s, 26*a - 25*a + 2*s = 204. What is the tens digit of a?
1
Suppose 69350 = 21*q + 18293 - 45627. What is the tens digit of q?
0
Let u = 119 - 101. Suppose 7*t - u = 5*t. Suppose -v - 832 = -t*v. What is the hundreds digit of v?
1
Suppose -52*c + 1749006 - 210032 = -892650. What is the units digit of c?
2
Let p(g) = -g**2 - 118*g - 1987. What is the hundreds digit of p(-22)?
1
Let t(m) = 5*m**2 - 139*m - 17. What is the units digit of t(-25)?
3
Let q be 2/(-4) + 106042/148. Let a = -535 + q. What is the units digit of a?
1
Suppose 2*u + 5*s = 2746, 2*u - s - 2*s = 2730. Suppose 0 = -0*o + 9*o - u. What is the hundreds digit of o?
1
Let x(z) = -z**3 + 10*z**2 + 10*z + 14. Let n be x(11). Let b be n/((-5 - -3)/2). What is the units digit of 678/4*4*b/(-18)?
3
Suppose -k + 5 = 4*k. Suppose 0 = 3*p - 2*p + k. Let o(j) = -119*j**3 - 2*j**2 - 2*j - 1. What is the units digit of o(p)?
8
Let z = 86 - 9. Let t be -4 + 4/(-26) + (-7155)/(-117). Let n = z - t. What is the tens digit of n?
2
Let q(a) be the third derivative of a**6/120 + 3*a**5/20 - 11*a**4/24 - 10*a**3/3 + 82*a**2 + 1. Let s be 26/(-3) + 2/(-6). What is the tens digit of q(s)?
7
Suppose 92 = -73*s + 69*s. Let i be -1 + 1 - 2 - 138/s. Suppose -i*r = 3*f - 332, f = -4*f + 3*r + 534. What is the tens digit of f?
0
Let o(m) = -18*m + 0*m**2 + 3*m**2 - 20*m**2 + 5*m**3 - 4*m**3. Let y be o(18). Suppose 5*h - 4*q - 152 = y, 5*h = -3*q - q + 168. What is the units digit of h?
2
Let p be (-1)/4 - 19/(-76). Let t(j) = -3*j**3 + 127 + 2*j**2 - 130 + p*j**2. What is the tens digit of t(-2)?
2
Let t(u) = -395*u + 2. Let k be t(-5). Let l be 47/6*-4 - 8/12. What is the tens digit of k/21 + 1 + l/28?
9
Let p(n) be the third derivative of n**5/20 + 2*n**4/3 + 15*n**3/2 - 3*n**2 - n. What is the units digit of p(-7)?
0
Suppose 13*d = 6*d + 98. Suppose d*r = 4*r. Suppose 7*x - 623 = -r*x. What is the units digit of x?
9
Let z(d) = d**3 - 8*d**2 + 8*d - 4. Let a be z(7). Suppose -a*o + 15 = 6. Suppose -o*l + 31 = -4*y, 26 = 4*l - 2*y - 22. What is the units digit of l?
3
Let f(b) = -2*b**2 + 57*b - 35. Let l be f(28). What is the hundreds digit of l/(147/(-14))*(-10155)/(-10)?
6
Let y = -56 + 6. Let k be -180*((-4)/(-7) - (-684)/(-756)). Let f = k + y. What is the tens digit of f?
1
Let r = 32385 + 6042. What is the thousands digit of r?
8
Let i(k) = -22*k + 48. Let r be i(18). Let f = 591 + r. What is the hundreds digit of f?
2
Suppose -3*k - 17 = -8. What is the units digit of -1*(k - 1 - 25) - 4?
5
Let a(k) = 42*k + 118. Let i be a(27). Suppose 4*t - 1240 = -4*w, 9*w + i = 4*t + 7*w. What is the units digit of t?
2
Suppose -6337 = -4*u - 2*w + 8949, 0 = -3*w - 9. What is the thousands digit of u?
3
Suppose -17*z = -24*z + 5075. Let l = 1574 - z. What is the tens digit of l?
4
What is the units digit of 1 + -1 + 4*(8274227/(-26))/(-23)?
6
Let r = 66 - 61. Let j = r - -76. Suppose -i + 4*q + 40 + 17 = 0, -i + j = 2*q. What is the tens digit of i?
7
Let k(p) = -3*p**2 - 12*p - 37. Let j be k(-5). What is the tens digit of (-2)/(-8) + (-28535)/j + 2?
5
Suppose -19461 = -3*d + 3*o, -38*d + 39*d = 4*o + 6493. What is the tens digit of d?
8
Suppose -14*s + 2*n - 34122 = -17*s, -3*n = -4*s + 45479. What is the ten thousands digit of s?
1
Suppose 5*u + 21 = 3*i, u + 14 = 4*i - u. Suppose -a = -i*r - 15, 2*a - 38 = 3*r - 6. Let m = 45 + a. What is the units digit of m?
4
Let z = -42 - -45. Suppose -34 = -z*t - t - x, 0 = 2*t - 4*x - 26. What is the units digit of t?
9
Suppose 4*t - 37 = m + 4*m, 5*t + m = 10. Let b be 0*((-15)/10)/t. Suppose -5*h = -4*d - 493, b = 3*h + 4*d - d - 285. What is the units digit of h?
7
Suppose -3*l = -4*u + 270, 0 = 5*l + 4*u + 401 + 81. Let r = -92 - l. Suppose 0*n + 412 = r*n. What is the hundreds digit of n?
2
Let j(p) = -p**3 + 28*p**2 - 33. Let o be j(10). What is the thousands digit of o + (-3)/(-2)*48/(-24)?
1
Let i(t) = 508*t + 5494. What is the ten thousands digit of i(25)?
1
Let a be ((-5)/(5/(-4)))/(22/44). Suppose -j = -a*j + 469. What is the tens digit of j?
6
Let w = 178 + -177. Let k(n) = 524*n**3 - 3*n + 1. What is the hundreds digit of k(w)?
5
Suppose 4*v - 869 = 963. Suppose -6*u + v = -352. Suppose -14*j = -17*j + u. What is the tens digit of j?
4
Let o(t) = 3*t + 53. Let m be o(-17). Suppose -3*z + 90 = -3*x, 2*x = -m*z - 0*x + 52. What is the units digit of z?
8
Suppose -36 = -7*k + 41. What is the hundreds digit of ((-6655)/(-10))/k*(-2 + 8)?
3
Let m = 325 + -330. What is the units digit of -4*m/110 - (-6150)/55?
2
Let p(n) = 1511*n - 320. What is the units digit of p(6)?
6
Suppose 1 = 5*l + 2*m - 19, -3*m = -5*l + 45. Let o = -155 - -153. What is the units digit of (o + l/9)/((-6)/369)?
2
Let n(v) = v**3 - 11*v**2 + v. Let x be n(11). Let y(r) = -r**3 - 10*r**2 + 5*r - 13. Let p be y(-11). Let u = p - x. What is the units digit of u?
2
Let j = -70 + 212. Let x = 101 - 78. Let m = x + j. What is the units digit of m?
5
What is the hundreds digit of (0 - -1) + 8655 + (-15 - -19) + -2?
6
Let c(z) = 2*z - 32. Let p be c(12). Let d(v) = -9*v - 24. Let a be d(p). What is the tens digit of ((-11)/2)/(287/a - 6)?
6
Suppose 0 = -2*m + p + 9788, 12*m - 16*m = -5*p - 19576. What is the thousands digit of m?
4
Suppose 22*u - 7*u = 315. Let t = u - -140. What is the tens digit of t?
6
What is the thousands digit of 4/8*64314*(-8 - -9)?
2
Let t be ((-56)/7)/(-8)*27. Suppose 4*q = -3*g + 2097, 5*g + t*q - 23*q - 3503 = 0. What is the hundreds digit of g?
7
Let c(y) = 107*y**3 - 23*y**2 + 5*y - 93. What is the ten thousands digit of c(8)?
5
Let k